3679?
3441367a
In base 6, what is 34 - -133005151?
133005225
In base 2, what is -111011111110110110100011001 + 11?
-111011111110110110100010110
In base 15, what is -338bd8 - -5?
-338bd3
In base 14, what is 2419b + 77?
24234
In base 16, what is 4 + 1601c8b?
1601c8f
In base 5, what is 3342 + -3114214?
-3110322
In base 14, what is -6b4d6 - 34?
-6b52a
In base 13, what is -9185092 - 8?
-918509a
In base 13, what is 3c + -1175bb6?
-1175b77
In base 5, what is -24414213401 + -1?
-24414213402
In base 10, what is -72 - -186379?
186307
In base 14, what is 47c - -5071c?
50b9a
In base 13, what is -5 + -1641513?
-1641518
In base 4, what is -2113131 + -10203?
-2130000
In base 8, what is -160 + -22254?
-22434
In base 16, what is -193a - 6fcc?
-8906
In base 15, what is 297 - 31ab?
-2e14
In base 13, what is -1059a9 + -20?
-1059c9
In base 10, what is -112988458 + 0?
-112988458
In base 5, what is -21413341414 + -1?
-21413341420
In base 11, what is -171 + -184560?
-184721
In base 11, what is -6a633 - a?
-6a642
In base 11, what is a9 + -13a639?
-13a540
In base 7, what is -154510340 - 1?
-154510341
In base 7, what is 44435523 + 4?
44435530
In base 4, what is -1023320 - 2232210?
-3322130
In base 9, what is 1 + 54341057?
54341058
In base 9, what is 5720 + -57076?
-51256
In base 9, what is -33 - 4740730?
-4740763
In base 11, what is 16469 + -407?
16062
In base 6, what is -10 + -400323131?
-400323141
In base 10, what is -20697 - 1306?
-22003
In base 5, what is -340203 - -13143?
-322010
In base 11, what is 83040 + 678?
83708
In base 13, what is 0 - 191b500?
-191b500
In base 14, what is -11 - -6ba0da?
6ba0c9
In base 12, what is -5 + -9a281671?
-9a281676
In base 6, what is -22 - -15111311322?
15111311300
In base 11, what is 1a369a + -a6?
1a35a4
In base 11, what is 5210 - -5a3?
5803
In base 2, what is 10000001010101 - 11000100101010?
-1000011010101
In base 16, what is 3 + 5eaa03?
5eaa06
In base 5, what is 32241142204 + 0?
32241142204
In base 11, what is 2a + a727588?
a727607
In base 15, what is 3 + -34b8c8?
-34b8c5
In base 10, what is -1339 + 9795?
8456
In base 8, what is 15 + 76064033?
76064050
In base 5, what is 10040211 + 12224?
10102440
In base 8, what is 11352 - 30516?
-17144
In base 2, what is -1000010011000000001111001 - 10?
-1000010011000000001111011
In base 10, what is 59188 + 18?
59206
In base 13, what is -1811 - -1cc?
-1612
In base 5, what is 3 - 140343424330?
-140343424322
In base 2, what is -11 - 100001101110010001101001101?
-100001101110010001101010000
In base 10, what is -149059 - 1446?
-150505
In base 2, what is 11010011111100101001 + -10000010001?
11010011101100011000
In base 8, what is -3457 + 352061?
346402
In base 2, what is -1000111100110100000000000 - 110110?
-1000111100110100000110110
In base 10, what is -152697893 + 1?
-152697892
In base 16, what is -1f649 + fc?
-1f54d
In base 7, what is -430423652 + 3?
-430423646
In base 3, what is 10 + -10012122020210210?
-10012122020210200
In base 2, what is 1110001100 + 101000100000?
110110101100
In base 8, what is 73 + 272415?
272510
In base 14, what is 2358 - -1d0d5?
2144d
In base 2, what is 111000110111 + 11101101001000?
100100101111111
In base 4, what is 1222320133322 - 3?
1222320133313
In base 5, what is -1 + 404303321020?
404303321014
In base 8, what is -3 - -3265526?
3265523
In base 3, what is -2101001012120 - -2?
-2101001012111
In base 12, what is 1a + 20954?
20972
In base 2, what is 101101111001111001010110 + -1111?
101101111001111001000111
In base 3, what is -201020000021 - -1111022?
-201011111222
In base 16, what is -1a3 - -10c9?
f26
In base 7, what is 252 - 42450?
-42165
In base 7, what is 15420062546 + -4?
15420062542
In base 11, what is 5 + a843758?
a843762
In base 7, what is -543 + -33542?
-34415
In base 6, what is -120 - -3244122?
3244002
In base 3, what is -111210122120200 + 11?
-111210122120112
In base 15, what is 2e + -781dc?
-781ad
In base 14, what is 2c9 - -945b?
9746
In base 2, what is 1111010 + -110110100011010?
-110110010100000
In base 4, what is -30 + -10031022113?
-10031022203
In base 6, what is -1 + 544232350?
544232345
In base 13, what is -10443c + 0?
-10443c
In base 3, what is -21122010022101 - 20?
-21122010022121
In base 13, what is 48a1303 + 4?
48a1307
In base 12, what is -5 - 7235a40?
-7235a45
In base 7, what is -62 - -4113500?
4113405
In base 11, what is -485016a6 + -4?
-485016aa
In base 10, what is 15871 - 190?
15681
In base 13, what is -b45 + 1a88?
c43
In base 16, what is 59962d + 74?
5996a1
In base 3, what is -2202202101120 + -1222?
-2202202110112
In base 12, what is 11 + -16028257?
-16028246
In base 8, what is -7441 - 1460433?
-1470074
In base 3, what is -1022121020210011 - 1?
-1022121020210012
In base 7, what is -5045 - 22421?
-30466
In base 4, what is 21000 + 20103123?
20130123
In base 4, what is 1001 - -213300?
220301
In base 4, what is -110130 - -10323103?
10212313
In base 13, what is -b534277 - -4?
-b534273
In base 13, what is -249b - -12877?
103a9
In base 5, what is 113 - 1404212?
-1404044
In base 8, what is 103757402 - 26?
103757354
In base 5, what is -2422 - -10042144?
10034222
In base 4, what is 2131003211 - 22230?
2130320321
In base 15, what is -2815b9 - 99?
-281663
In base 12, what is -155630 + -35?
-155665
In base 2, what is -101011 - 1001011011000001010101000?
-1001011011000001011010011
In base 14, what is -525a - 54?
-52b0
In base 3, what is -22 - 1102010220?
-1102011012
In base 6, what is 50121344 - -203?
50121551
In base 4, what is 20223010 - 3021?
20213323
In base 12, what is -3274 - -5502?
224a
In base 12, what is -2 + -a82891?
-a82893
In base 12, what is -35983 + -22?
-359a5
In base 10, what is 3 + -64947702?
-64947699
In base 2, what is 100101010110001101000000 - 0?
100101010110001101000000
In base 14, what is 3c81258c - -1?
3c81258d
In base 11, what is -296 - -127452?
127167
In base 11, what is -2a420 + -666?
-2aa86
In base 7, what is 21641404 - -22?
21641426
In base 13, what is -2136bb502 + 3?
-2136bb4cc
In base 15, what is 15d30ea + d?
15d3108
In base 13, what is -4 - 464091a3?
-464091a7
In base 14, what is -11972 - 2b5?
-11c47
In base 12, what is -26a18b6 - 5?
-26a18bb
In base 6, what is 204551 + -330225?
-121234
In base 3, what is 21110211021222022 + -2?
21110211021222020
In base 12, what is -2aa + -bb373?
-bb661
In base 6, what is 345014512 - 2?
345014510
In base 16, what is ec17f4 + 0?
ec17f4
In base 16, what is -4a2c83 + -16?
-4a2c99
In base 16, what is 135bd6 - 25?
135bb1
In base 4, what is -3031323022201 + -2?
-3031323022203
In base 14, what is 2 + -620b28?
-620b26
In base 7, what is -504146 - 41?
-504220
In base 12, what is 2b169 + -1b2?
2ab77
In base 11, what is -4 - -444aa82?
444aa79
In base 10, what is 108273 - 1383?
106890
In base 13, what is 2b + 4a04c3?
4a0521
In base 2, what is -1001111110111 - -100001110?
-1001011101001
In base 14, what is -5 - 393dca81?
-393dca86
In base 6, what is -5103 + 3440525?
3431422
In base 12, what is 17b + 505b08?
506087
In base 4, what is -322 + 130113233?
130112311
In base 8, what is 27174 - -451?
27645
In base 13, what is 12920 - -a2?
129c2
In base 11, what is -1aa0153 + -5?
-1aa0158
In base 14, what is -960a - 361d?
-cc29
In base 12, what is 6598a0 - -205?
659aa5
In base 12, what is 44a8b3a + 6?
44a8b44
In base 13, what is -32 + 108764?
108732
In base 15, what is 10b + -746e?
-7363
In base 2, what is 1001100 - 1100110110011110101001?
-1100110110011101011101
In base 11, what is 3 + 1701102a9?
170110301
In base 5, what is -1 - 14001342404?
-14001342410
In base 4, what is -3231031233 - -133?
-3231031100
In base 2, what is -110110010101011011 + 100000001110?
-110101110101001101
In base 10, what is -4 - -9307522?
9307518
In base 15, what is -194 - -15666?
154c2
In base 4, what is -1222011232330 - -1?
-1222011232323
In base 16, what is 1 - -c447893?
c447894
In base 5, what is -1023 + 21341311?
21340233
In base 5, what is -10 + 1104432232?
1104432222
In base 3, what is 11012212212112210 - -11?
11012212212112221
In base 8, what is -115031 - -123?
-114706
In base 7, what is 104 - 20216352?
-20216245
In base 16, what is 1db89 - -17?
1dba0
In base 4, what is -1301221212100 - -1?
-1301221212033
In base 12, what is 462937 - -5?
462940
In base 9, what is 5 + -131782744?
-131782738
In base 5, what is 304104434 + 144?
3